{"id":53,"date":"2018-12-07T02:23:24","date_gmt":"2018-12-07T02:23:24","guid":{"rendered":"http:\/\/peruprogreso.com\/p\/?page_id=53"},"modified":"2020-09-01T19:59:37","modified_gmt":"2020-09-01T19:59:37","slug":"quienes-somos","status":"publish","type":"page","link":"https:\/\/www.peruprogreso.com\/p\/quienes-somos\/","title":{"rendered":"Quienes Somos"},"content":{"rendered":"<h2 style=\"text-align: center;\"><strong>\u00a8Encendamos la antorcha del Progreso\u00a8<\/strong><\/h2>\n<p><strong>Misi\u00f3n: <\/strong>Ser la organizaci\u00f3n \u00a8Think Tank\u00a8 promotora de los valores c\u00edvicos y generadora de una nueva ciudadan\u00eda emprendedora comprometida con el progreso de la naci\u00f3n; a trav\u00e9s de la honestidad y la lucha contra la corrupci\u00f3n<\/p>\n<p><strong>Visi\u00f3n:<\/strong> Convertirnos en la organizaci\u00f3n civil l\u00edder de la promoci\u00f3n de valores c\u00edvicos de una sociedad emprendedora y progresista con honestidad.<\/p>\n<p><strong>Nuestro objetivo es construir una naci\u00f3n Progresista; ya que <\/strong><\/p>\n<ul>\n<li>Donde hay progreso hay salud<\/li>\n<li>Donde hay progreso ; hay educaci\u00f3n<\/li>\n<li>Donde hay progreso hay hogar<\/li>\n<li>Donde hay progreso ; hay empleo<\/li>\n<li>Donde hay progreso hay seguridad<\/li>\n<li>Donde hay progreso; hay un futuro mejor para nuestra naci\u00f3n.<\/li>\n<\/ul>\n<p><strong>Nuestros Principios y Objetivos<\/strong><\/p>\n<p>Defender la esperanza del rescate de los valores morales de la sociedad peruana que lograra generar un progreso sostenible<\/p>\n<p>Minimizar el ego\u00edsmo, envidia y desconfianza entre ciudadanos peruanos; logrando una unidad colectiva progresista<\/p>\n<p>Buscar generar las herramientas y recursos necesarios para construir una sociedad de bienestar y justa donde todos los ciudadanos puedan lograr su m\u00e1xima productividad potenciando sus propios talentos.<\/p>\n<p>Construir una civilizaci\u00f3n progresista que busque permanentemente el bien com\u00fan generando el desarrollo de los individuos bas\u00e1ndose en la aplicaci\u00f3n de los valores humanos.<\/p>\n<p>Crear una naci\u00f3n de progreso con felicidad con igualdad de oportunidades para todos.<\/p>\n<p>Construir el cimiento para la conciencia moral, la empat\u00eda y el respeto mutuo.<\/p>\n<p>Dise\u00f1ar y promover pol\u00edticas educativas en pro del desarrollo y el progreso de cada comunidad del pa\u00eds<\/p>\n","protected":false},"excerpt":{"rendered":"<p>\u00a8Encendamos la antorcha del Progreso\u00a8 Misi\u00f3n: Ser la organizaci\u00f3n \u00a8Think Tank\u00a8 promotora de los valores c\u00edvicos y generadora de una nueva ciudadan\u00eda emprendedora comprometida con el progreso de la naci\u00f3n; a trav\u00e9s de la honestidad y la lucha contra la corrupci\u00f3n Visi\u00f3n: Convertirnos en la organizaci\u00f3n civil l\u00edder de la promoci\u00f3n de valores c\u00edvicos de [&hellip;]<\/p>\n","protected":false},"author":1,"featured_media":0,"parent":0,"menu_order":0,"comment_status":"closed","ping_status":"closed","template":"","meta":{"_joinchat":[],"footnotes":""},"class_list":["post-53","page","type-page","status-publish","hentry"],"_links":{"self":[{"href":"https:\/\/www.peruprogreso.com\/p\/wp-json\/wp\/v2\/pages\/53","targetHints":{"allow":["GET"]}}],"collection":[{"href":"https:\/\/www.peruprogreso.com\/p\/wp-json\/wp\/v2\/pages"}],"about":[{"href":"https:\/\/www.peruprogreso.com\/p\/wp-json\/wp\/v2\/types\/page"}],"author":[{"embeddable":true,"href":"https:\/\/www.peruprogreso.com\/p\/wp-json\/wp\/v2\/users\/1"}],"replies":[{"embeddable":true,"href":"https:\/\/www.peruprogreso.com\/p\/wp-json\/wp\/v2\/comments?post=53"}],"version-history":[{"count":4,"href":"https:\/\/www.peruprogreso.com\/p\/wp-json\/wp\/v2\/pages\/53\/revisions"}],"predecessor-version":[{"id":201,"href":"https:\/\/www.peruprogreso.com\/p\/wp-json\/wp\/v2\/pages\/53\/revisions\/201"}],"wp:attachment":[{"href":"https:\/\/www.peruprogreso.com\/p\/wp-json\/wp\/v2\/media?parent=53"}],"curies":[{"name":"wp","href":"https:\/\/api.w.org\/{rel}","templated":true}]}}